{"id":90,"date":"2022-08-12T15:03:58","date_gmt":"2022-08-12T13:03:58","guid":{"rendered":"https:\/\/www.font-bardolet.art\/?page_id=90"},"modified":"2022-08-18T14:07:09","modified_gmt":"2022-08-18T12:07:09","slug":"curriculum-vitae","status":"publish","type":"page","link":"https:\/\/www.font-bardolet.art\/?page_id=90","title":{"rendered":"Curriculum Vitae"},"content":{"rendered":"\n<div style=\"height:68px\" aria-hidden=\"true\" class=\"wp-block-spacer\"><\/div>\n\n\n\n<div class=\"wp-block-media-text alignwide has-media-on-the-right is-stacked-on-mobile is-vertically-aligned-bottom\" style=\"grid-template-columns:auto 20%\"><figure class=\"wp-block-media-text__media\"><img data-recalc-dims=\"1\" loading=\"lazy\" decoding=\"async\" width=\"1365\" height=\"2048\" data-attachment-id=\"91\" data-permalink=\"https:\/\/www.font-bardolet.art\/?attachment_id=91\" data-orig-file=\"https:\/\/i0.wp.com\/www.font-bardolet.art\/wp-content\/uploads\/2022\/08\/profil_rc.png?fit=1365%2C2048&amp;ssl=1\" data-orig-size=\"1365,2048\" data-comments-opened=\"0\" data-image-meta=\"{&quot;aperture&quot;:&quot;0&quot;,&quot;credit&quot;:&quot;&quot;,&quot;camera&quot;:&quot;&quot;,&quot;caption&quot;:&quot;&quot;,&quot;created_timestamp&quot;:&quot;0&quot;,&quot;copyright&quot;:&quot;&quot;,&quot;focal_length&quot;:&quot;0&quot;,&quot;iso&quot;:&quot;0&quot;,&quot;shutter_speed&quot;:&quot;0&quot;,&quot;title&quot;:&quot;&quot;,&quot;orientation&quot;:&quot;0&quot;}\" data-image-title=\"profil_rc\" data-image-description=\"\" data-image-caption=\"\" data-medium-file=\"https:\/\/i0.wp.com\/www.font-bardolet.art\/wp-content\/uploads\/2022\/08\/profil_rc.png?fit=200%2C300&amp;ssl=1\" data-large-file=\"https:\/\/i0.wp.com\/www.font-bardolet.art\/wp-content\/uploads\/2022\/08\/profil_rc.png?fit=683%2C1024&amp;ssl=1\" src=\"https:\/\/i0.wp.com\/www.font-bardolet.art\/wp-content\/uploads\/2022\/08\/profil_rc.png?resize=1365%2C2048&#038;ssl=1\" alt=\"Ester Font Bardolet\" class=\"wp-image-91 size-full\" srcset=\"https:\/\/i0.wp.com\/www.font-bardolet.art\/wp-content\/uploads\/2022\/08\/profil_rc.png?w=1365&amp;ssl=1 1365w, https:\/\/i0.wp.com\/www.font-bardolet.art\/wp-content\/uploads\/2022\/08\/profil_rc.png?resize=200%2C300&amp;ssl=1 200w, https:\/\/i0.wp.com\/www.font-bardolet.art\/wp-content\/uploads\/2022\/08\/profil_rc.png?resize=683%2C1024&amp;ssl=1 683w, https:\/\/i0.wp.com\/www.font-bardolet.art\/wp-content\/uploads\/2022\/08\/profil_rc.png?resize=768%2C1152&amp;ssl=1 768w, https:\/\/i0.wp.com\/www.font-bardolet.art\/wp-content\/uploads\/2022\/08\/profil_rc.png?resize=1024%2C1536&amp;ssl=1 1024w, https:\/\/i0.wp.com\/www.font-bardolet.art\/wp-content\/uploads\/2022\/08\/profil_rc.png?resize=1200%2C1800&amp;ssl=1 1200w\" sizes=\"auto, (max-width: 1365px) 100vw, 1365px\" \/><\/figure><div class=\"wp-block-media-text__content\">\n<h5 class=\"wp-block-heading\">Tit.Prof. FOL Ester Font-Bardolet<\/h5>\n\n\n\n<div style=\"height:50px\" aria-hidden=\"true\" class=\"wp-block-spacer\"><\/div>\n\n\n\n<p>Sopran &amp; Gesangsp\u00e4dagogin<br>Geboren am 23. August 1971 in Vic \/ Barcelona<br>wohnhaft in Wien<br>Tel.: 0043 (0)660 522 5313<br>ester@font-bardolet.art<\/p>\n<\/div><\/div>\n\n\n\n<div style=\"height:50px\" aria-hidden=\"true\" class=\"wp-block-spacer\"><\/div>\n\n\n\n<h5 class=\"wp-block-heading\">Abgeschlossene Ausbildungen<\/h5>\n\n\n\n<table cellpadding=\"0\" cellspacing=\"0\" width=\"100%\" border=\"0\">\n  <tbody>\n    <tr><td width=\"12%\">1989<\/td><td width=\"88%\">Matura an der autonomen Universit\u00e4t von Barcelona<\/td><\/tr>\n    <tr><td width=\"12%\">1993 &#8211; 1998<\/td><td width=\"88%\">Erstes Diplom in Klavier am Konservatorium der Stadt Barcelona<\/td><\/tr>\n    <tr><td width=\"12%\">1993 &#8211; 1998<\/td><td width=\"88%\">Zweites Diplom in Gesang am Konservatorium der Stadt Barcelona<\/td><\/tr>\n    <tr><td width=\"12%\">2004<\/td><td width=\"88%\">Erstes Diplom IGP-Gesang (mit Schwerpunkt Klavier) an der Universit\u00e4t f\u00fcr Musik und darstellende Kunst Wien<\/td><\/tr>\n  <\/tbody>\n<\/table>\n\n\n\n<h5 class=\"wp-block-heading\">Allgemeine Ausbildung und Fortbildungen<\/h5>\n\n\n\n<table cellpadding=\"0\" cellspacing=\"0\" width=\"100%\" border=\"0\">\n  <tbody>\n    <tr><td width=\"12%\">1981 &#8211; 1992<\/td><td width=\"88%\">Musikschule Torell\u00f3 und Vic (Klavier, Solfeggio, Chorgesang, Harmonielehre)<\/td><\/tr>\n    <tr><td width=\"12%\">1985 &#8211; 1988<\/td><td width=\"88%\">Sommerkurse f\u00fcr musikalischer Leitung der Liturgie in Montserrat bei Joaquim Sabater, Andreu Mart\u00ednez, Gregori Estrada und Josep Falc\u00f3<\/td><\/tr>\n    <tr><td width=\"12%\">1986 &#8211; 1989<\/td><td width=\"88%\">Mitglied des SCIC (Hauptverband katalanischer Kinderch\u00f6re), teilgenommen an allen Weiterbildungskursen<\/td><\/tr>\n    <tr><td width=\"12%\">1991 &#8211; 1995<\/td><td width=\"88%\">Klavierunterricht bei Prof. Joan Rubinat<\/td><\/tr>\n    <tr><td width=\"12%\">1989 &#8211; 1991<\/td><td width=\"88%\">P\u00e4dagogische Akademie f\u00fcr Musiklehrer nach der Methode von Ireneu Segarra (Leiter der Montserrat-S\u00e4ngerknaben und inspiriert von Kod\u00e1ly und dem \u201eUngarischen System\u201c)<\/td><\/tr>\n    <tr><td width=\"12%\">1991 &#8211; 1998<\/td><td width=\"88%\">Gesangsausbildung bei Prof. Teresa Garrigosa und Prof. Enriqueta Tarr\u00e9s<\/td><\/tr>\n    <tr><td width=\"12%\">1998<\/td><td width=\"88%\">Chorgesang Meisterkurs bei Maria Gamborg Helbekkmo<\/td><\/tr>\n    <tr><td width=\"12%\">1998<\/td><td width=\"88%\">Kurs zum Thema \u201eStimmtechnik Kreativ\u201c<\/td><\/tr>\n    <tr><td width=\"12%\">1993<\/td><td width=\"88%\">Meisterkurs \u201eLa Voz\u201c bei Thomas Quasthoff, Kym Amps, David von Asch u.a.<\/td><\/tr>\n    <tr><td width=\"12%\">1993 &#8211; 1998<\/td><td width=\"88%\">Studium am Konservatorium Barcelona<\/td><\/tr>\n    <tr><td width=\"12%\">1995<\/td><td width=\"88%\">Kurs f\u00fcr Chorleitung bei Josep Vila<\/td><\/tr>\n    <tr><td width=\"12%\">1995<\/td><td width=\"88%\">Meisterkurs bei Harry van der Kamp, Rinaldo Alessandrini und Max van Egmond (Schwerpunkt Alte und Barock Musik)<\/td><\/tr>\n    <tr><td width=\"12%\">1994 &#8211; 1998<\/td><td width=\"88%\">Interpretationspraxis f\u00fcr S\u00e4nger bei Albert Roman\u00ed (Schwerpunkt Kunstlied)<\/td><\/tr>\n    <tr><td width=\"12%\">1999 &#8211; 2004<\/td><td width=\"88%\">Studium der Gesangsp\u00e4dagogik (IGP) an der Universit\u00e4t f\u00fcr Musik und darstellende Kunst Wien bei Prof. Ingrid Doll mit Schwerpunkt Klavier<\/td><\/tr>\n    <tr><td width=\"12%\">2016<\/td><td width=\"88%\">Meisterkurs Gesang bei KS Angelika Kirschlager<\/td><\/tr>\n    <tr><td width=\"12%\">2016<\/td><td width=\"88%\">Meisterkurs Gesang bei KS Kurt Equiluz<\/td><\/tr>\n<tr><td width=\"12%\">2022<\/td><td width=\"88%\">Mitglied der evta austria<\/td><\/tr>\n  <\/tbody>\n<\/table>\n\n\n\n<h5 class=\"wp-block-heading\">Berufspraxis \/ Lehrt\u00e4tigkeit<\/h5>\n\n\n\n<table cellpadding=\"0\" cellspacing=\"0\" width=\"100%\" border=\"0\">\n  <tbody>\n    <tr><td width=\"12%\">1986-1989<\/td><td width=\"88%\">Leitung des Kinderchores in der Heimatgemeinde (Torell\u00f3) mit viele Konzerten in Katalonien und Spanien<\/td><\/tr>\n    <tr><td width=\"12%\">1992<\/td><td width=\"88%\">Gr\u00fcndung und Leitung des gemischten Chores in der Heimatgemeinde (Coral Lloriana)<\/td><\/tr>\n    <tr><td width=\"12%\">1989 &#8211; 1993<\/td><td width=\"88%\">Lehrt\u00e4tigkeit in Klavier, Vokalensemble und Solfeggio an den Musikschulen von Torell\u00f3 und St.Pere de Torell\u00f3<\/td><\/tr>\n    <tr><td width=\"12%\">1993 &#8211; 1995<\/td><td width=\"88%\">Lehrt\u00e4tigkeit und Einf\u00fchrung der Methode von Ireneu Segarra (mit pers\u00f6nlicher Empfehlung von Ireneu Segarra) an der Musikakademie Mestre Coll in Barcelona<\/td><\/tr>\n    <tr><td width=\"12%\">1993 &#8211; 1998<\/td><td width=\"88%\">Lehrauftrag f\u00fcr Klavier und Chorgesang, Gr\u00fcndung des Kinderchores und Einf\u00fchrung der Stimmbildung an der Musikschule Bellaterra<\/td><\/tr>\n    <tr><td width=\"12%\">1996 &#8211; 1998<\/td><td width=\"88%\">Einf\u00fchrung eines Vokalensemble f\u00fcr Kinder (Geh\u00f6rbildung und Stimmbildung), Lehrauftrag f\u00fcr Gesang an der Musikschule Esplugues und an der Musikakademie Enriqueta Tarr\u00e9s<\/td><\/tr>\n    <tr><td width=\"12%\">2001 &#8211; 2002<\/td><td width=\"88%\">T\u00e4tigkeit als Gesangsp\u00e4dagogin bei den \u201eWiener Jugend Zentren\u201c<\/td><\/tr>\n    <tr><td width=\"12%\">2001 &#8211; 2002<\/td><td width=\"88%\">Einf\u00fchrung des Chorgesangs mit Schwerpunkt Geh\u00f6rbildung und Blattlesen in der Volkshochschule Favoriten<\/td><\/tr>\n    <tr><td width=\"12%\">2002<\/td><td width=\"88%\">Stimmbildung f\u00fcr den Konzertchor der Wienerwalds\u00e4ngerknaben<\/td><\/tr>\n    <tr><td width=\"12%\">2003 &#8211; 2004<\/td><td width=\"88%\">Chorgesang bei der Krankenschwesternschule der Stadt Wien<\/td><\/tr>\n    <tr><td width=\"12%\">2003 &#8211; 2007<\/td><td width=\"88%\">Stimmbildung f\u00fcr den Chor \u201ePersephone\u201c<\/td><\/tr>\n    <tr><td width=\"12%\">2009 &#8211; 2010<\/td><td width=\"88%\">F\u00fcnf Monate Gesangsvertretung an der Gemeinderverband der Musikschule Ybbsfeld<\/td><\/tr>\n    <tr><td width=\"12%\">2005 &#8211; jetzt<\/td><td width=\"88%\">Gesangsp\u00e4dagogin im Gemeindeverband der Musikschule Eggenburg &#8211; I.J.Pleyel<\/td><\/tr>\n    <tr><td width=\"12%\">2006 &#8211; jetzt<\/td><td width=\"88%\">Mitbegr\u00fcnderin und k\u00fcnstlerische Leiterin des S\u00e4ngerworkshops in Ravelsbach<\/td><\/tr>\n    <tr><td width=\"12%\">2007 &#8211; jetzt<\/td><td width=\"88%\">Gesangslehrerin in BRG-BORG St.P\u00f6lten<\/td><\/tr>\n  <\/tbody>\n<\/table>\n\n\n\n<h5 class=\"wp-block-heading\">Berufspraxis \/ Konzertt\u00e4tigkeit<\/h5>\n\n\n\n<table cellpadding=\"0\" cellspacing=\"0\" width=\"100%\" border=\"0\">\n  <tbody>\n    <tr><td width=\"12%\">1988 &#8211; 1991<\/td><td width=\"88%\">Auftritte mit dem Jugendchor der Musikschule Vic und bei \u201eCoral Canig\u00f3\u201c Vic in den wichtigsten Konzerts\u00e4len Kataloniens mit besonderem Schwerpunkt auf Zeitgen\u00f6ssische Musik<\/td><\/tr>\n    <tr><td width=\"12%\">1990<\/td><td width=\"88%\">Solistische T\u00e4tigkeit bei Aufnahmen liturgischer Musik im Kloster Montserrat unter der Leitung von Gregori Estrada<\/td><\/tr>\n    <tr><td width=\"12%\">1989 &#8211; 1992<\/td><td width=\"88%\">Gr\u00fcndungsmitglied des Frauen-Vokalquartetts \u201eCervi\u00e0\u201c mit unz\u00e4hligen Auftritten<\/td><\/tr>\n    <tr><td width=\"12%\">1994<\/td><td width=\"88%\">Carissimi und Monteverdi. Konzert in Barcelona &#8211; Gesangsensemble<\/td><\/tr>\n    <tr><td width=\"12%\">1999 &#8211; 2003<\/td><td width=\"88%\">Mitglied und Chorsolistin des Arnold Sch\u00f6nberg Chores mit Solo Auftritten in der Carneghie Hall \/ New York, den Salzburger Festspielen und Cit\u00e9 de la musique\/Paris<\/td><\/tr>\n    <tr><td width=\"12%\">2001 &#8211; 2002<\/td><td width=\"88%\">T\u00e4tigkeit als Chor- und Solos\u00e4ngerin in der \u201eNeuen Oper Wien\u201c<\/td><\/tr>\n    <tr><td width=\"12%\">2002 &#8211; jetzt<\/td><td width=\"88%\">Verschiedene Konzertprogramme mit dem besonderen Schwerpunkt auf Zeitgen\u00f6ssische Musik<\/td><\/tr>\n  <\/tbody>\n<\/table>\n\n\n\n<div style=\"height:50px\" aria-hidden=\"true\" class=\"wp-block-spacer\"><\/div>\n\n\n<div class=\"wp-block-image\">\n<figure class=\"aligncenter size-thumbnail is-resized\"><a href=\"https:\/\/www.font-bardolet.art\"><img data-recalc-dims=\"1\" loading=\"lazy\" decoding=\"async\" data-attachment-id=\"16\" data-permalink=\"https:\/\/www.font-bardolet.art\/?attachment_id=16\" data-orig-file=\"https:\/\/i0.wp.com\/www.font-bardolet.art\/wp-content\/uploads\/2022\/08\/cropped-logo-font-bardolet_1000px-1.png?fit=1024%2C1024&amp;ssl=1\" data-orig-size=\"1024,1024\" data-comments-opened=\"0\" data-image-meta=\"{&quot;aperture&quot;:&quot;0&quot;,&quot;credit&quot;:&quot;&quot;,&quot;camera&quot;:&quot;&quot;,&quot;caption&quot;:&quot;&quot;,&quot;created_timestamp&quot;:&quot;0&quot;,&quot;copyright&quot;:&quot;&quot;,&quot;focal_length&quot;:&quot;0&quot;,&quot;iso&quot;:&quot;0&quot;,&quot;shutter_speed&quot;:&quot;0&quot;,&quot;title&quot;:&quot;&quot;,&quot;orientation&quot;:&quot;0&quot;}\" data-image-title=\"cropped-logo-font-bardolet_1000px-1.png\" data-image-description=\"&lt;p&gt;https:\/\/www.font-bardolet.art\/wp-content\/uploads\/2022\/08\/cropped-logo-font-bardolet_1000px-1.png&lt;\/p&gt;\n\" data-image-caption=\"\" data-medium-file=\"https:\/\/i0.wp.com\/www.font-bardolet.art\/wp-content\/uploads\/2022\/08\/cropped-logo-font-bardolet_1000px-1.png?fit=300%2C300&amp;ssl=1\" data-large-file=\"https:\/\/i0.wp.com\/www.font-bardolet.art\/wp-content\/uploads\/2022\/08\/cropped-logo-font-bardolet_1000px-1.png?fit=1024%2C1024&amp;ssl=1\" src=\"https:\/\/i0.wp.com\/www.font-bardolet.art\/wp-content\/uploads\/2022\/08\/cropped-logo-font-bardolet_1000px-1.png?resize=50%2C50&#038;ssl=1\" alt=\"\" class=\"wp-image-16\" width=\"50\" height=\"50\" srcset=\"https:\/\/i0.wp.com\/www.font-bardolet.art\/wp-content\/uploads\/2022\/08\/cropped-logo-font-bardolet_1000px-1.png?resize=150%2C150&amp;ssl=1 150w, https:\/\/i0.wp.com\/www.font-bardolet.art\/wp-content\/uploads\/2022\/08\/cropped-logo-font-bardolet_1000px-1.png?resize=300%2C300&amp;ssl=1 300w, https:\/\/i0.wp.com\/www.font-bardolet.art\/wp-content\/uploads\/2022\/08\/cropped-logo-font-bardolet_1000px-1.png?resize=768%2C768&amp;ssl=1 768w, https:\/\/i0.wp.com\/www.font-bardolet.art\/wp-content\/uploads\/2022\/08\/cropped-logo-font-bardolet_1000px-1.png?w=1024&amp;ssl=1 1024w\" sizes=\"auto, (max-width: 50px) 100vw, 50px\" \/><\/a><\/figure>\n<\/div>","protected":false},"excerpt":{"rendered":"<p>Abgeschlossene Ausbildungen 1989 Matura an der autonomen Universit\u00e4t von Barcelona 1993 &#8211; 1998 Erstes Diplom in Klavier am Konservatorium der Stadt Barcelona 1993 &#8211; 1998 Zweites Diplom in Gesang am Konservatorium der Stadt Barcelona 2004 Erstes Diplom IGP-Gesang (mit Schwerpunkt Klavier) an der Universit\u00e4t f\u00fcr Musik und darstellende Kunst Wien Allgemeine Ausbildung und Fortbildungen 1981 &#8211; 1992 Musikschule Torell\u00f3 und Vic (Klavier, Solfeggio, Chorgesang, Harmonielehre) 1985 &#8211; 1988 Sommerkurse f\u00fcr musikalischer Leitung der Liturgie in Montserrat bei Joaquim Sabater, Andreu<a class=\"more-link\" href=\"https:\/\/www.font-bardolet.art\/?page_id=90\"><span data-hover=\"Read More\">Read More<\/span><\/a><\/p>\n","protected":false},"author":2,"featured_media":0,"parent":0,"menu_order":0,"comment_status":"closed","ping_status":"closed","template":"template-portfolio.php","meta":{"footnotes":""},"tags":[],"class_list":["post-90","page","type-page","status-publish","hentry"],"jetpack_sharing_enabled":true,"_links":{"self":[{"href":"https:\/\/www.font-bardolet.art\/index.php?rest_route=\/wp\/v2\/pages\/90","targetHints":{"allow":["GET"]}}],"collection":[{"href":"https:\/\/www.font-bardolet.art\/index.php?rest_route=\/wp\/v2\/pages"}],"about":[{"href":"https:\/\/www.font-bardolet.art\/index.php?rest_route=\/wp\/v2\/types\/page"}],"author":[{"embeddable":true,"href":"https:\/\/www.font-bardolet.art\/index.php?rest_route=\/wp\/v2\/users\/2"}],"replies":[{"embeddable":true,"href":"https:\/\/www.font-bardolet.art\/index.php?rest_route=%2Fwp%2Fv2%2Fcomments&post=90"}],"version-history":[{"count":24,"href":"https:\/\/www.font-bardolet.art\/index.php?rest_route=\/wp\/v2\/pages\/90\/revisions"}],"predecessor-version":[{"id":602,"href":"https:\/\/www.font-bardolet.art\/index.php?rest_route=\/wp\/v2\/pages\/90\/revisions\/602"}],"wp:attachment":[{"href":"https:\/\/www.font-bardolet.art\/index.php?rest_route=%2Fwp%2Fv2%2Fmedia&parent=90"}],"wp:term":[{"taxonomy":"post_tag","embeddable":true,"href":"https:\/\/www.font-bardolet.art\/index.php?rest_route=%2Fwp%2Fv2%2Ftags&post=90"}],"curies":[{"name":"wp","href":"https:\/\/api.w.org\/{rel}","templated":true}]}}